rivative of -i**5/20 + 2*i**4/3 - 4*i**3/3 - 1109*i. Determine o(8).
-64
Let x(a) = -18*a - 77. Suppose 5*z = -2*v + 2, -3*z - 126 = 5*v - 112. Determine x(v).
-5
Let y(n) be the second derivative of 0*n**3 - 1/15*n**5 + 1/360*n**6 + 24*n + 0 + 1/2*n**4 + 0*n**2. Let q(f) be the third derivative of y(f). Calculate q(6).
4
Let k(m) = -6*m - 59. Suppose 0 = 60*n - 2*n + 638. Give k(n).
7
Let k(z) be the second derivative of z**5/20 - z**4/3 - 5*z**3/6 - 5*z**2/2 - 6*z. Suppose 6*r - r - 20 = -4*w, 4*w = -2*r + 8. Let f = 5 + w. Determine k(f).
-5
Suppose -x - s = -37, -2*x + 40 + 38 = s. Suppose -40*m + x*m - 6 = 0. Let d(b) = -b**3 + 7*b**2 - 5*b - 5. Calculate d(m).
1
Let w(r) = 131*r - 283. Let q be w(6). Let l = -504 + q. Let h(p) be the first derivative of p**4 - p**3/3 - p**2 - p + 1. Determine h(l).
-4
Let t(s) be the second derivative of -s**4/6 + 2*s**3/3 - s**2/2 + s. Let v be (-12)/(-5)*65/39. Suppose -10 - 2 = -v*y. What is t(y)?
-7
Let j(s) = -3 - 9 + 6 + 10*s + 3 - 26. Determine j(4).
11
Let a = 89 + -75. Suppose -51 - 19 = -a*l. Suppose -k + l*r - 3 + 1 = 0, 4 = 4*r. Let g(n) = n**3 - 5*n**2 + 4*n - 3. What is g(k)?
-9
Let c(t) = 2*t**2 + 55*t + 48*t - 155*t + 58*t. What is c(-4)?
8
Let c(i) be the first derivative of -10/3*i**3 - 5*i**2 - 1/4*i**4 + 141 - 3*i. Let r be (-6)/(-15) + (-94)/10. Determine c(r).
6
Let n(s) = s**2 - 3*s + 3*s - 4*s + 0 - 7. Suppose -34 - 140 = -29*x. Calculate n(x).
5
Let h be -9*(-51)/((-26163)/(-114)). Let t(r) = 1 - 2*r - r**2 + r + 0*r. Give t(h).
-5
Let t(l) = -16 + 6 + l**3 + 5 - 6*l**2 + 3 + 5*l. Let z be 7 + 6 + 32/(-4)*1. Determine t(z).
-2
Let o(u) = 4*u**3 + 2*u**2 + u - 2. Let s = -2477 - -2478. What is o(s)?
5
Suppose 4*m - t = 62, -3*m + 8*m - t = 77. Suppose -4*f + 35 = m. Let g(s) = s**2 - 2*s + 1. What is g(f)?
16
Let x(g) = 4*g + 3. Suppose 28*m - 24 = 34*m. Let r be (12/(-36))/((-178)/(-90) + -2). Let i be 1 + (m/5)/((-3)/r). What is x(i)?
23
Let p(n) = -n**3 + 4*n**2 + 22*n + 2. Let z = 6064 - 6057. Give p(z).
9
Let z(i) = 23 + 14 + i + 24 - 63. Let x(b) = 5*b - 8. Let d(q) = -2*x(q) + 7*z(q). Determine d(2).
-4
Let v(l) = -l**2 + 5*l. Suppose 8 = -5*w - 4*k + 43, 4*w = -3*k + 29. Suppose -w*m - 10 = -54. What is v(m)?
4
Let v(m) = 3*m**2 + m - 45. Let g(y) = 7*y**2 + 3*y - 90. Let i(p) = -4*g(p) + 9*v(p). Let z(d) be the first derivative of i(d). Calculate z(4).
-11
Let f be (24 - (-923)/(-39)) + (-11)/(-3). Let h(q) = -17*q + 15. Give h(f).
-53
Let v(d) = d - 4. Suppose 182*c + 60 = 170*c. What is v(c)?
-9
Let j be 101/(-606) + 14/12. Let q(z) = -18*z**2 + 3*z - 2. Calculate q(j).
-17
Suppose -20*n = 67*n - 10 + 97. Let k(d) = -12*d - 14. Give k(n).
-2
Let d(g) = -g**3 - 6*g**2 + 4. Let j(c) = -2*c**3 + 19*c**2 - 20*c - 92. Let k(q) = -d(q) + j(q). Give k(24).
0
Let l(x) = -x**3 - 12*x**2 - 11*x + 2. Let w = -1850 - -1110. Let h = w + 729. Give l(h).
2
Let c(b) = -b**3 + 4*b**2 + b. Suppose -11*k = -8*k - 201. Let w = -47 + k. Suppose 0 = 4*s + 3*p + p, -5*p - w = 0. Determine c(s).
4
Let r(i) = 10*i + 11*i - 919 + 787 - 2*i + 3*i. Give r(6).
0
Suppose s = 0, 0 = 2*i + i - s + 18. Let f(a) = -6*a + 52561*a**2 - 26283*a**2 + 10 - 26279*a**2. Give f(i).
10
Let f be -9 + (-6)/((-12)/(-80)*-5). Let t(p) = -14*p**2 + 2*p + 1. What is t(f)?
-15
Let x(s) = 81 + 254 - 8*s - 472. Determine x(-18).
7
Let j(s) = -2*s + 5. Let o(i) = 2*i - 10. Let x be o(31). Suppose 3*b + x = -10*b. Calculate j(b).
13
Let p(q) = -q**2 - 13*q - 25. Let z be p(-4). Let t(g) = 28 + 50*g - z*g - 16*g - 9*g - 11*g. Give t(-8).
4
Let m(t) = -t + 1. Suppose -2*v = w + 1, -4*v = -4*w + 3 + 17. Let a be ((-3)/v)/(30/20). Let h be -3 + (3/(12/44) - a). Give m(h).
-6
Let q(m) = -m**3 - 3*m**2 - 10*m + 1. Let o(v) = -3*v**3 - 7*v**2 - 24*v + 3. Let k(t) = 2*o(t) - 5*q(t). Calculate k(0).
1
Let c(g) = 6*g. Let m(l) = 9*l**2 - 4*l - 3. Let t be m(-2). Suppose -5*x - 2*i + 36 = t, 20 = 4*i. Determine c(x).
-18
Let w(l) = 4*l + 8. Let a(b) = -5*b**2 + 12*b - 8. Suppose -3*n = -12, -3*i + 0*i = -3*n + 6. Let v be a(i). Determine w(v).
-8
Let i(w) = 22*w**3 + w**2 - 7*w + 5. Suppose 2*g = -3*q - 2*q + 22, g + 2*q - 9 = 0. What is i(g)?
21
Let y(x) be the second derivative of -7/6*x**3 + 0 - 326*x + 5/2*x**2. Calculate y(1).
-2
Suppose 51*x = 47*x - 60. Let m(t) = 4*t - t - 2*t + 12 + 0*t. Calculate m(x).
-3
Let h(q) = -q**3 - 4*q**2 - 2*q. Let n(b) = -2*b**2 + 18*b. Let y be n(9). Suppose -3*g + 3 = 0, y = 16*o - 20*o + 4*g - 12. What is h(o)?
-4
Let b(z) = -15*z**3. Let n be b(1). Let t = -21 - n. Let w(k) = -k + 8 + 4*k - 3*k + k. Calculate w(t).
2
Suppose -3*o = 4*g - 86, -46 = -2*o - 490*g + 493*g. Let f(b) = -b**2 + 28*b - 59. What is f(o)?
-7
Let l(m) = 3*m + 140. Let s(n) = 4*n + 224. Let f(j) = -3*l(j) + 2*s(j). Determine f(7).
21
Let t(k) = -19*k - 4 - 24*k + 38*k. Calculate t(-7).
31
Let x(g) be the third derivative of -g**4/8 + 10*g**3/3 + 3300*g**2. Determine x(10).
-10
Let g(v) = -v**3 - 5*v**2 - 3*v + 5. Suppose -138*u + 124 = 814. What is g(u)?
20
Let z(g) = -44*g - 3. Let y = 5145 - 5146. Determine z(y).
41
Let h(r) = r**3 + 12*r**2 + 15*r + 10. Suppose 2*x = 76 - 70, 0 = 3*m + x + 27. Calculate h(m).
60
Let n(q) = -210*q + 3*q**2 + 67*q + 138*q + 7. Determine n(2).
9
Let p(r) = -3*r + 4. Suppose -294*i = -324*i - 120. Calculate p(i).
16
Suppose -33*w - 90*w = -1722. Let f(c) = -c**3 + 16*c**2 - 32*c + 46. Give f(w).
-10
Let x = 1024 - 1025. Let f(q) be the third derivative of 1/8*q**4 + 0*q**3 + 0*q - 3*q**2 + 0. Calculate f(x).
-3
Let b be 148/(-52) - ((-150)/39 + 4). Let j(t) = -5*t**3 - t**2 + 8*t - 9. Let q(c) = -4*c**3 + 7*c - 8. Let z(l) = 5*j(l) - 6*q(l). What is z(b)?
-9
Let j be 0 - -3*10/15. Suppose 3*r - 2*l = r + 4, -1 = -j*r + 5*l. Suppose 0 = 2*w + 2*k + 2*k, -r*w + 30 = -4*k. Let s(v) = 2*v - 8. Calculate s(w).
4
Let k(p) be the second derivative of 7*p**6/60 - p**4/24 - p**3/6 + 93*p**2/2 + 2*p + 38. Let q(d) be the first derivative of k(d). What is q(-1)?
-14
Let r(g) be the second derivative of -g**5/20 + g**4/2 - g**3/2 + g**2 - 285*g. Give r(4).
22
Let t(g) = -24*g + 23*g - 75 + 65. Let f be t(-11). Let m be -3*f/(-1) - 10. Let i(n) = -n**2 - 4*n + 7. Give i(m).
-14
Let g = -625 + 945. Let m = 321 - g. Let d(h) = -5*h**3 - h**2 + h. Determine d(m).
-5
Suppose 91*i - 80*i + 55 = 0. Let t(u) = -6*u - 20. Calculate t(i).
10
Let a(v) = -v**3 + 2*v**2 + 21*v + 3. Suppose 271*b = 15*b + 15*b - 964. Calculate a(b).
15
Suppose -45*d = -60*d + 90. Let q(l) = l**2 - 2*l - 3. Calculate q(d).
21
Let v(m) be the third derivative of -11*m**4/24 - 10*m**3/3 + 7801*m**2. Calculate v(0).
-20
Let b(w) = w**2 - 35621*w**3 - 4 + 35620*w**3 + 23*w - 24*w**2. What is b(-24)?
20
Let w(n) = -28*n**2 - 18*n + 42. Let f(q) = 9*q**2 + 2*q - 1. Let r(a) = -3*f(a) - w(a). Calculate r(4).
25
Let w be (1/1 - -2) + -11. Let s be (-2)/w + (-20)/16. Let t(g) be the first derivative of g**4/2 - g**3/3 - g**2 - g + 2183. What is t(s)?
-2
Suppose 3*s + 11 = w + 26, 2*w - 2*s = -10. Let x(d) be the third derivative of w*d**5 - 16*d**2 - 17/120*d**6 + 1/24*d**4 + 0*d**3 + 0 + 0*d. Give x(1).
-16
Let k be 1*(3 - 2)*-2*-1. Let w(b) = 6 + 0*b**3 - 2 - b + 3*b**2 - 3*b**2 + b**3 - 7*b**k. What is w(5)?
-51
Let x(p) be the first derivative of p**4/2 - p**3 - 2*p**2 + 2*p - 1. Suppose -4*f = -4*z + 20, -6*z = 5*f - 11 - 52. Calculate x(f).
17
Let u(y) be the second derivative of y**4/12 + 10*y**3/3 + 27*y**2/2 - 219*y + 2. Give u(-19).
8
Let h = -5 + 7. Let w(c) be the first derivative of -86 - 1/3*c**3 - 2*c + 2*c**2. What is w(h)?
2
Let t(r) be the second derivative of 3*r**5/10 - r**3/3 + r**2/2 + 61*r + 6. Calculate t(2).
45
Let g(l) = 7*l**2 + 5*l - 2. Suppose -21*n + 8 = -17*n. Let y(z) = 38*z**2 + 25*z - 8. Let a(f) = n*y(f) - 11*g(f). What is a(-5)?
6
Let q(i) be the third derivative of i**4/4 - 13*i**3/3 + 2197*i**2. Calculate q(0).
-26
Let y(u) be the third derivative of -u**6/120 + 2*u**5/3 + 7*u**4/4 - 19*u**3/6 - 8*u**2 + 59*u - 1. What is y(41)?
22
Let k(z) be the second derivative of z**4/12 + 2*z**3/3 + 13*z**2/2 + 4286*z + 1. Determine k(-4).
13
Suppose -4*i - 2 + 22 = 0. Let g be -1*i - (-30)/6. Suppose 4 = -g*x - 2*x + 4*w, 2*x - 10 = -3*w. Let a(f) = 5*f - 1. What is a(x)?
9
Let a be (-6)/216*((-8)/(-44) - 14